**2 + 6*q - 2. Give a(t).
-2
Let s(f) = 7*f**3 - 8*f**2 + 10*f + 13. Let n(t) = -3*t**3 + 3*t**2 - 4*t - 6. Let y(g) = 9*n(g) + 4*s(g). Give y(3).
-8
Let z be (29/58)/(2/12). Let x(p) = -3*p + 3. Give x(z).
-6
Let f(y) = y + 28 - 43 + 27. Give f(-14).
-2
Let r(m) = -2*m + 1. Let c(j) = -25*j + 200. Let y be c(8). Give r(y).
1
Suppose 6*d + 39 = -7*d. Let g(x) = x**3 + 4*x**2 + x - 1. What is g(d)?
5
Suppose -2*h - 3*h + 350 = 0. Let n(u) = h - 69 + 6*u + 0*u. Give n(1).
7
Suppose -3*t + 29 = -4*j + 7, 3*t + 3*j = -6. Suppose 0 = 7*x + x - t*x. Let a(p) = -p**3 + p**2 + p + 6. Determine a(x).
6
Let s be -3 + 7*(-33)/(-21). Let a(o) = 0*o**2 + 0*o**2 - 8*o + o**2. What is a(s)?
0
Let b(s) = s**3 - 7*s**2 + 7*s. Let o = 1 + 5. What is b(o)?
6
Let u(n) = n**2 - 8*n - 28. Let t be 15 - (-45)/30*8/(-6). Determine u(t).
37
Let q(f) = f**2 + 7*f - 4. Let d(h) = h**3 - 3*h**2 - 2*h - 5. Let y be d(3). Let t be (-2*14/(-4) - 3) + y. Determine q(t).
-4
Let b = 40 - 38. Let y(f) be the second derivative of -3*f + 0 + 2*f**b + 1/12*f**4 + 1/6*f**3. Give y(0).
4
Let t(a) be the third derivative of -a**5/60 - 13*a**3/3 + 6*a**2 - 5*a. Determine t(0).
-26
Let t(c) be the second derivative of c**3 + c - 3. What is t(1)?
6
Let a be (-3)/7 + (-3195)/(-497). Let y(t) = -3*t**2 - 8 + t**3 - 138*t + 131*t - 2*t**2. Determine y(a).
-14
Let n(w) = -3*w**2 + w - 1. Let v = -117 - -50. Let o = v - -68. What is n(o)?
-3
Let p(o) be the first derivative of -o**3/3 + 3*o**2/2 + 2*o - 16. Determine p(3).
2
Let y(u) = -5*u - 42. Suppose 4*i - n = -37, -22 = 6*i - 2*i + 2*n. What is y(i)?
-2
Let i(r) = -2*r**2 + 4*r. Suppose 0 = -2*v - 6 + 4. Let q be v/2 - 40/(-16). Suppose q*g - 3 = 3. Give i(g).
-6
Let s(v) = -6*v**2. Let k(z) = -3*z**2 + 1. Let p be k(0). What is s(p)?
-6
Let m(u) be the second derivative of -u**5/20 - 2*u**4/3 - 13*u**3/6 - 117*u. Calculate m(-6).
6
Let w = -296 + 299. Let c(b) = b**3 - 3*b**2 - b. Determine c(w).
-3
Let o(y) be the first derivative of y**2/2 - 28*y - 2. Let f = -92 + 92. Determine o(f).
-28
Let a = -25 + 28. Let o(s) be the first derivative of a + 0*s - 1/2*s**2 - s**4 + 0*s**3. What is o(1)?
-5
Let g(p) be the third derivative of p**5/60 - 13*p**4/24 + 5*p**3/3 + 90*p**2. Determine g(12).
-2
Let q(v) = v**3 + 7*v**2 - 8*v - 4. Let c(f) be the first derivative of -7*f**2/2 - f - 16. Let s be c(1). What is q(s)?
-4
Suppose 3*g + 11*q + 39 = 8*q, 0 = 4*g - 2*q + 22. Let l(i) = -i**3 - 8*i**2 - 6*i - 10. Calculate l(g).
38
Suppose 0 = t - 4*t - 6. Let y(d) be the first derivative of -d**4/4 - 4*d**3/3 - d + 1026. Determine y(t).
-9
Suppose 3*d + 13 = 4*b, -4*d + 2*b = -b + 8. Suppose 3*n + 1 = 4*n. Let u(y) = 2*y**2 - 1 + 1 - n - 6*y**3. Determine u(d).
-5
Let w(g) be the second derivative of -g**8/6720 - g**7/630 - g**6/240 + g**5/30 + g**4 - g. Let h(m) be the third derivative of w(m). Give h(-3).
4
Let g = 14 - 11. Suppose 0 = -2*w, -2*i - 3*w = -g*i + 5. Let p(r) = 0 + 8 - 2*r + i - 11. Calculate p(-3).
8
Let n(c) be the third derivative of -c**6/720 + c**5/60 - c**4/4 + 8*c**2. Let t(d) be the second derivative of n(d). What is t(8)?
-6
Let h(c) = 2*c + 16. Let p(u) = -5*u - 2. Let w(k) = -h(k) + p(k). Give w(-2).
-4
Let d be (-115)/10 + (-6)/(-4). Let l be ((-17)/4)/(d/200). Let h(c) = 86*c - l*c - 5 + 3. Calculate h(0).
-2
Let d(t) be the first derivative of t**3/3 - t**2/2 + 446. Suppose 2*j + 3*j = 0. Determine d(j).
0
Let x(w) be the second derivative of 0 - w + 3/2*w**2 + 1/12*w**4 + 1/6*w**3. Let r(l) = l**3 + l**2 - l - 1. Let f be r(-2). Give x(f).
9
Let h(x) = -6*x**2 + 9*x**2 + 4 - 2*x**2 - 4*x. Suppose 4*o - 13 = 91. Let f be (-3 + o/6)*3. What is h(f)?
4
Let f(h) be the first derivative of 0*h - 1/24*h**4 + h**3 + 2 - 7/2*h**2. Let q(t) be the second derivative of f(t). What is q(-5)?
11
Let n(m) be the third derivative of m**8/10080 + m**7/840 - m**6/180 - 3*m**5/20 - 5*m**2. Let j(r) be the third derivative of n(r). What is j(-5)?
16
Let l = -148 + 274. Let v = l - 127. Let a(k) = 11*k**3 + 2*k**2 + k. What is a(v)?
-10
Let j = -1037 + 1050. Let g(v) = -v + 7. Give g(j).
-6
Let b(f) be the third derivative of -f**5/60 - f**4/3 - f**3/6 - f**2. Let k = 27 - 35. Determine b(k).
-1
Let y = 88 - 94. Let u(l) be the second derivative of l**5/20 + l**4/2 - l**3/2 - 5*l**2/2 - 11*l. Give u(y).
13
Let h(j) = -j**2 + 5*j + 14. Let z(n) = -n + 1. Let d(w) = h(w) - 6*z(w). What is d(11)?
8
Let l(q) be the third derivative of q**6/30 + q**5/30 - q**3/6 - 2*q**2. Let u(k) = -2*k + 7. Let h be u(3). Determine l(h).
5
Let p(q) be the first derivative of -q**5/120 - 5*q**4/24 - 13*q**3/3 + 19. Let b(g) be the third derivative of p(g). Determine b(-4).
-1
Let s(c) be the second derivative of -c**4/6 + c**2 + 2*c - 28. Calculate s(2).
-6
Suppose -17 = 6*z + 7. Let i be (5/z + 3)/((-8)/32). Let y(x) = -2*x - 2. Determine y(i).
12
Let f(k) = -2 + k**2 + k - 3*k - 27 + k + 0*k**2. Give f(0).
-29
Suppose 4 - 4 = -29*p. Let b(z) be the third derivative of 0 + 5/24*z**4 - 3*z**2 + p*z - 2/3*z**3 - 1/60*z**5. Determine b(4).
0
Let j be (134 + -2)/11 - 7. Let g(w) = -2*w**3 - 7*w**2 - 9*w - 2. Let c(n) = -3*n**3 - 13*n**2 - 17*n - 3. Let y(m) = 3*c(m) - 5*g(m). Give y(j).
-4
Let t(m) be the third derivative of -m**6/120 + m**5/10 - 5*m**4/24 - m**3/6 + 2*m**2 + 129. Calculate t(4).
11
Let t(h) be the second derivative of -h**6/240 + h**5/60 - 3*h**4 + 17*h. Let c(i) be the third derivative of t(i). Determine c(-5).
17
Let c(q) be the first derivative of 3*q**4/4 + 4*q**3/3 - 175. Determine c(-3).
-45
Let d(i) be the second derivative of i**7/2520 + i**6/720 - i**5/30 - 11*i**4/6 + 8*i. Let f(a) be the third derivative of d(a). Determine f(-4).
8
Let s(z) = -z**2 - 4*z + 8. Let v(b) = 2*b**2 + 2*b - 1. Let o be v(1). Suppose 0 = o*c - 2*c, -c = 2*y - 4. Let k(a) = -3*a. Let m be k(y). Calculate s(m).
-4
Let j be (200/(-75))/(2/(-6)*2). Suppose -5 = 5*q + 8*d - 3*d, -4*q + 4*d + j = 0. Let n(x) = -x. Determine n(q).
0
Let i(m) be the third derivative of 0*m + 1/3*m**4 + 1/12*m**5 - 4*m**2 + 0 - 1/120*m**6 - 5/6*m**3. Let d = -9 - -15. Calculate i(d).
7
Let y(z) = z**2 + 8*z - 3. Let u be y(-9). Suppose u*w - 12 = 3*w, 0 = -p - w + 10. Let c(i) = 5 - p*i + 7*i + 0*i. Give c(-4).
1
Let r(v) = -v - v**2 + 0*v - 6 - 9*v**2 + 3*v**3 + v**2. Let p(i) = -4*i**3 + 10*i**2 + 2*i + 6. Let d = -7 + 4. Let m(h) = d*r(h) - 2*p(h). Calculate m(7).
-1
Let g(t) be the third derivative of -t**6/120 - 2*t**5/15 + 7*t**4/24 + 5*t**3/6 + 3*t**2 - 1. Determine g(-9).
23
Let o(x) = -x**2 - x + 6. Let f(s) = s. Let l be f(0). Suppose -6*p + 2*p + 20 = l. Let t = p + -5. What is o(t)?
6
Suppose 0 = -4*g + 2*s - s + 12, -2*s = 4*g - 12. Let m(i) = -3*i. Give m(g).
-9
Let j(g) = -g + 3 - g**2 + 4*g - 3*g - g - 5. What is j(0)?
-2
Let c(r) = -2*r + 7. Let u(j) = -j**3 + 5*j**2 - 6*j + 5. Let k be u(3). Give c(k).
-3
Let p(f) = f**2 - 17*f + 4. Let o(c) = 2*c**2 - 31*c + 6. Let i(t) = -4*o(t) + 7*p(t). What is i(6)?
-2
Let t(f) = 11*f**2 - f. Suppose 3*x = 4 + 8. Suppose -x*z + 12 = 16. Determine t(z).
12
Let c be 5/4*(-6)/(-90). Let i(x) be the second derivative of c*x**4 + x + 1/2*x**2 + 0 + x**3. What is i(-5)?
-4
Suppose 7*l = -3 + 24. Let j(v) be the first derivative of v**4/4 + v**3 - 6*v - 4. Let u(z) = z**3 - z - 1. Let g(s) = -j(s) + 2*u(s). Determine g(l).
-2
Let c(d) be the second derivative of d**5/20 - d**3/6 - d**2 - 12*d. Determine c(0).
-2
Let k(x) = -x**2 + 1. Let w(r) = r**3 + 19*r**2 + 7. Let d be w(-19). Suppose -2*p - j - 7 = 2*p, -5*p + 4*j + d = 0. Determine k(p).
0
Suppose 0*i + 30 = 6*i. Suppose -35 = i*y - 0. Let w(n) = -3*n - 1 - n**3 - 8*n**2 + n - 4*n. Determine w(y).
-8
Suppose 0 = -69*n + 219*n - 150. Let r(s) = s - 6*s**2 - 5*s + 5*s. Calculate r(n).
-5
Let x be 3/5 + 28/20. Suppose 0*n + x*n - 10 = 0. Let s(j) = -7 - 4*j + n*j - 1. Calculate s(6).
-2
Let o(l) = l**2 - 9*l - 22. Let b = -3138 + 3149. What is o(b)?
0
Let w = -507 - -498. Let i(d) = d**2 + 12*d + 23. What is i(w)?
-4
Suppose 3 = -4*g + 2*c - 25, 26 = -3*g + 4*c. Let o(h) = h + 7. Let j be o(-6). Let p(q) = -5 - 2*q + 3 + j. Give p(g).
11
Let g = -43 - -35. Let k(d) = d - 1. Calculate k(g).
-9
Let f(m) = 15*m - 48. Let i(s) = 13*s - 40. Let c(h) = 5*f(h) - 6*i(h). Calculate